{"id":14012,"date":"2023-05-30T11:49:49","date_gmt":"2023-05-30T14:49:49","guid":{"rendered":"https:\/\/www.direito.ufmg.br\/?page_id=14012"},"modified":"2023-08-16T08:12:54","modified_gmt":"2023-08-16T11:12:54","slug":"portarias-de-2023","status":"publish","type":"page","link":"https:\/\/www.direito.ufmg.br\/?page_id=14012","title":{"rendered":"Portarias de 2023"},"content":{"rendered":"<p>&nbsp;<\/p>\n<table style=\"width: 59.3905%; height: 34px;\">\n<tbody>\n<tr>\n<td><a href=\"https:\/\/www.direito.ufmg.br\/wp-content\/uploads\/2023\/08\/Portaria_2546496_Portaria_7259_2023._Gabinete_da_Reitora._Afastamento_Preventivo._Marcio_Andrey_Dias_Cardoso.pdf\">Portaria 7259\/2023 &#8211; Gabinete da Reitora &#8211; Afastamento Preventivo Marcio Andrey Dias Cardoso<\/a><\/td>\n<td style=\"width: 38px;\"><\/td>\n<\/tr>\n<tr style=\"background-color: #fff8dc;\">\n<td style=\"height: 24px;\"><a href=\"https:\/\/www.direito.ufmg.br\/wp-content\/uploads\/2023\/05\/Portaria-4721-2023.-Retificacao-Portaria-4164-2023.-Designacao-de-Comissao-de-Processo-Administrativo-Disciplinar-1.pdf\">Portaria 4721\/2023 &#8211; Retifica\u00e7\u00e3o Portaria 4164-2023. Designa\u00e7\u00e3o de Comiss\u00e3o de Processo Administrativo Disciplinar<\/a><\/td>\n<td style=\"width: 38px; height: 24px;\"><\/td>\n<\/tr>\n<tr style=\"background-color: #ffffff;\">\n<td style=\"height: 10px;\"><a href=\"https:\/\/www.direito.ufmg.br\/wp-content\/uploads\/2023\/05\/Portaria-4164-2023.-Designacao-de-Comissao-de-Processo-Administrativo-Disciplinar-1.pdf\">Portaria 4164\/2023 &#8211; Designa\u00e7\u00e3o de Comiss\u00e3o de Processo Administrativo Disciplinar<\/a><\/td>\n<td style=\"height: 10px;\"><\/td>\n<\/tr>\n<\/tbody>\n<\/table>\n<p>&nbsp;<\/p>\n","protected":false},"excerpt":{"rendered":"<p>&nbsp; Portaria 7259\/2023 &#8211; Gabinete da Reitora &#8211; Afastamento Preventivo Marcio Andrey Dias Cardoso Portaria 4721\/2023 &#8211; Retifica\u00e7\u00e3o Portaria 4164-2023. Designa\u00e7\u00e3o de Comiss\u00e3o de Processo Administrativo Disciplinar Portaria 4164\/2023 &#8211; Designa\u00e7\u00e3o de Comiss\u00e3o de Processo [&hellip;]<\/p>\n","protected":false},"author":1,"featured_media":0,"parent":0,"menu_order":0,"comment_status":"closed","ping_status":"closed","template":"","meta":{"footnotes":""},"class_list":["post-14012","page","type-page","status-publish","hentry"],"publishpress_future_action":{"enabled":false,"date":"2026-04-27 15:18:48","action":"change-status","newStatus":"draft","terms":[],"taxonomy":"","extraData":[]},"publishpress_future_workflow_manual_trigger":{"enabledWorkflows":[]},"_links":{"self":[{"href":"https:\/\/www.direito.ufmg.br\/index.php?rest_route=\/wp\/v2\/pages\/14012","targetHints":{"allow":["GET"]}}],"collection":[{"href":"https:\/\/www.direito.ufmg.br\/index.php?rest_route=\/wp\/v2\/pages"}],"about":[{"href":"https:\/\/www.direito.ufmg.br\/index.php?rest_route=\/wp\/v2\/types\/page"}],"author":[{"embeddable":true,"href":"https:\/\/www.direito.ufmg.br\/index.php?rest_route=\/wp\/v2\/users\/1"}],"replies":[{"embeddable":true,"href":"https:\/\/www.direito.ufmg.br\/index.php?rest_route=%2Fwp%2Fv2%2Fcomments&post=14012"}],"version-history":[{"count":0,"href":"https:\/\/www.direito.ufmg.br\/index.php?rest_route=\/wp\/v2\/pages\/14012\/revisions"}],"wp:attachment":[{"href":"https:\/\/www.direito.ufmg.br\/index.php?rest_route=%2Fwp%2Fv2%2Fmedia&parent=14012"}],"curies":[{"name":"wp","href":"https:\/\/api.w.org\/{rel}","templated":true}]}}