{"id":16926,"date":"2025-04-01T07:43:25","date_gmt":"2025-04-01T10:43:25","guid":{"rendered":"https:\/\/www.direito.ufmg.br\/?page_id=16926"},"modified":"2025-12-17T16:49:53","modified_gmt":"2025-12-17T19:49:53","slug":"atas-de-2025","status":"publish","type":"page","link":"https:\/\/www.direito.ufmg.br\/?page_id=16926","title":{"rendered":"Atas de 2025"},"content":{"rendered":"<p><a href=\"https:\/\/www.direito.ufmg.br\/wp-content\/uploads\/2025\/12\/SEI_4774370_Ata.pdf\">1) Ata da terceira reuni\u00e3o ordin\u00e1ria da Congrega\u00e7\u00e3o da Faculdade de Direito, realizada em 22\/09\/2025 e aprovada em 27\/11\/2025;<\/a><\/p>\n<p><a href=\"https:\/\/www.direito.ufmg.br\/wp-content\/uploads\/2025\/10\/Ata_Congregacao_2a-Reuniao.-2025.-Realizada-24.06.2025.-Aprovada-22.09.2025.pdf\">2) Ata da segunda reuni\u00e3o ordin\u00e1ria da Congrega\u00e7\u00e3o da Faculdade de Direito, realizada em 24\/06\/2025 e aprovada em 22\/09\/2025<\/a><\/p>\n<p><a href=\"https:\/\/www.direito.ufmg.br\/wp-content\/uploads\/2025\/10\/Ata_Congregacao_Conselho-Curador_Fundacao-Prof.-Valle-Ferreira_22.09.2025.pdf\">3) Ata da reuni\u00e3o da Congrega\u00e7\u00e3o (Conselho Curador da Funda\u00e7\u00e3o Professor Valle Ferreira \u2013 Elei\u00e7\u00e3o), realizada e aprovada em 22\/09\/2025<\/a><\/p>\n<p><a href=\"https:\/\/www.direito.ufmg.br\/wp-content\/uploads\/2025\/07\/Ata.-1a-Congregacao.-Realizada-24.03.2025.-Aprovada-24.06.2025.pdf\">4) Ata. 1\u00aa Congrega\u00e7\u00e3o. Realizada 24.03.2025. Aprovada 24.06.2025<\/a><\/p>\n<p><a href=\"https:\/\/www.direito.ufmg.br\/wp-content\/uploads\/2025\/07\/Ata.-Congregacao.-Conselho-Curador.-Fundacao-Professor-Valle-Ferreira.-Aprovacao.-Prestacao-de-Contas.-2024.pdf\">5) Ata. Congrega\u00e7\u00e3o. Conselho Curador. Funda\u00e7\u00e3o Professor Valle Ferreira. Aprova\u00e7\u00e3o. Presta\u00e7\u00e3o de Contas. 2024<\/a><\/p>\n","protected":false},"excerpt":{"rendered":"<p>1) Ata da terceira reuni\u00e3o ordin\u00e1ria da Congrega\u00e7\u00e3o da Faculdade de Direito, realizada em 22\/09\/2025 e aprovada em 27\/11\/2025; 2) Ata da segunda reuni\u00e3o ordin\u00e1ria da Congrega\u00e7\u00e3o da Faculdade de Direito, realizada em 24\/06\/2025 e [&hellip;]<\/p>\n","protected":false},"author":1,"featured_media":0,"parent":0,"menu_order":0,"comment_status":"closed","ping_status":"closed","template":"","meta":{"footnotes":""},"class_list":["post-16926","page","type-page","status-publish","hentry"],"publishpress_future_action":{"enabled":false,"date":"2026-04-27 18:32:15","action":"change-status","newStatus":"draft","terms":[],"taxonomy":"","extraData":[]},"publishpress_future_workflow_manual_trigger":{"enabledWorkflows":[]},"_links":{"self":[{"href":"https:\/\/www.direito.ufmg.br\/index.php?rest_route=\/wp\/v2\/pages\/16926","targetHints":{"allow":["GET"]}}],"collection":[{"href":"https:\/\/www.direito.ufmg.br\/index.php?rest_route=\/wp\/v2\/pages"}],"about":[{"href":"https:\/\/www.direito.ufmg.br\/index.php?rest_route=\/wp\/v2\/types\/page"}],"author":[{"embeddable":true,"href":"https:\/\/www.direito.ufmg.br\/index.php?rest_route=\/wp\/v2\/users\/1"}],"replies":[{"embeddable":true,"href":"https:\/\/www.direito.ufmg.br\/index.php?rest_route=%2Fwp%2Fv2%2Fcomments&post=16926"}],"version-history":[{"count":0,"href":"https:\/\/www.direito.ufmg.br\/index.php?rest_route=\/wp\/v2\/pages\/16926\/revisions"}],"wp:attachment":[{"href":"https:\/\/www.direito.ufmg.br\/index.php?rest_route=%2Fwp%2Fv2%2Fmedia&parent=16926"}],"curies":[{"name":"wp","href":"https:\/\/api.w.org\/{rel}","templated":true}]}}