{"id":17094,"date":"2025-05-15T15:27:47","date_gmt":"2025-05-15T18:27:47","guid":{"rendered":"https:\/\/www.direito.ufmg.br\/?page_id=17094"},"modified":"2025-10-06T17:16:05","modified_gmt":"2025-10-06T20:16:05","slug":"representacao-discente","status":"publish","type":"page","link":"https:\/\/www.direito.ufmg.br\/?page_id=17094","title":{"rendered":"Representa\u00e7\u00e3o Discente"},"content":{"rendered":"<p><strong>CAAP &#8211; Centro Acad\u00eamico Afonso Pena<\/strong><br \/>\n<strong>Gest\u00e3o:<\/strong> Retomada<br \/>\n<strong>Presidente:<\/strong>\u00a0Ana L\u00facia Dias dos Santos<br \/>\n<strong>Vice-Presidente:<\/strong><br \/>\n<strong>Contato:<\/strong> (31)3409-8629 \/ <a href=\"mailto:caapufmg@gmail.com\">caapufmg@gmail.com<\/a><\/p>\n<p><strong>CACE &#8211; Centro Acad\u00eamico de Ci\u00eancias do Estado<\/strong><br \/>\n<strong>Gest\u00e3o:<\/strong> O\u00e1sis<br \/>\n<strong>Presidente:<\/strong> Hiran Reis Domingues<br \/>\n<strong>Vice-Presidente:<\/strong> Yuri Ara\u00fajo Martins<br \/>\n<strong>Contato:<\/strong> (31)3409-8702 \/ <a href=\"mailto:ufmgcace@gmail.com\">ufmgcace@gmail.com<\/a><\/p>\n","protected":false},"excerpt":{"rendered":"<p>CAAP &#8211; Centro Acad\u00eamico Afonso Pena Gest\u00e3o: Retomada Presidente:\u00a0Ana L\u00facia Dias dos Santos Vice-Presidente: Contato: (31)3409-8629 \/ caapufmg@gmail.com CACE &#8211; Centro Acad\u00eamico de Ci\u00eancias do Estado Gest\u00e3o: O\u00e1sis Presidente: Hiran Reis Domingues Vice-Presidente: Yuri Ara\u00fajo [&hellip;]<\/p>\n","protected":false},"author":1,"featured_media":0,"parent":0,"menu_order":0,"comment_status":"closed","ping_status":"closed","template":"","meta":{"footnotes":""},"class_list":["post-17094","page","type-page","status-publish","hentry"],"publishpress_future_action":{"enabled":false,"date":"2026-04-27 11:20:43","action":"change-status","newStatus":"draft","terms":[],"taxonomy":"","extraData":[]},"publishpress_future_workflow_manual_trigger":{"enabledWorkflows":[]},"_links":{"self":[{"href":"https:\/\/www.direito.ufmg.br\/index.php?rest_route=\/wp\/v2\/pages\/17094","targetHints":{"allow":["GET"]}}],"collection":[{"href":"https:\/\/www.direito.ufmg.br\/index.php?rest_route=\/wp\/v2\/pages"}],"about":[{"href":"https:\/\/www.direito.ufmg.br\/index.php?rest_route=\/wp\/v2\/types\/page"}],"author":[{"embeddable":true,"href":"https:\/\/www.direito.ufmg.br\/index.php?rest_route=\/wp\/v2\/users\/1"}],"replies":[{"embeddable":true,"href":"https:\/\/www.direito.ufmg.br\/index.php?rest_route=%2Fwp%2Fv2%2Fcomments&post=17094"}],"version-history":[{"count":0,"href":"https:\/\/www.direito.ufmg.br\/index.php?rest_route=\/wp\/v2\/pages\/17094\/revisions"}],"wp:attachment":[{"href":"https:\/\/www.direito.ufmg.br\/index.php?rest_route=%2Fwp%2Fv2%2Fmedia&parent=17094"}],"curies":[{"name":"wp","href":"https:\/\/api.w.org\/{rel}","templated":true}]}}