{"id":4061,"date":"2018-07-03T13:51:24","date_gmt":"2018-07-03T16:51:24","guid":{"rendered":"http:\/\/150.164.104.182:8080\/wordpress\/?page_id=4061"},"modified":"2025-07-10T13:49:51","modified_gmt":"2025-07-10T16:49:51","slug":"contato","status":"publish","type":"page","link":"https:\/\/www.direito.ufmg.br\/?page_id=4061","title":{"rendered":"Contato"},"content":{"rendered":"<p><span class=\"Apple-style-span\">Faculdade de Direito da UFMG<\/span><br \/>\nEndere\u00e7o:<br \/>\nAv: Jo\u00e3o Pinheiro, N\u00ba: 100, Bairro: Centro<br \/>\nCidade: Belo Horizonte UF: Minas Gerais<br \/>\nCEP: 30130-180<\/p>\n<table class=\"mceItemTable\" style=\"width: 97.3641%; height: 1032px;\" border=\"0\" cellspacing=\"0\">\n<colgroup width=\"770\"><\/colgroup>\n<colgroup width=\"207\"><\/colgroup>\n<colgroup width=\"177\"><\/colgroup>\n<colgroup width=\"137\"><\/colgroup>\n<tbody>\n<tr style=\"height: 24px;\">\n<td style=\"height: 24px;\" colspan=\"4\" align=\"center\" valign=\"middle\" height=\"20\"><span class=\"Apple-style-span\">FACULDADE DE DIREITO DA UFMG<\/span><\/td>\n<\/tr>\n<tr style=\"height: 24px;\">\n<td style=\"height: 24px;\" colspan=\"4\" align=\"center\" valign=\"middle\" height=\"20\"><span class=\"Apple-style-span\">LISTA DE CONTATOS<\/span><\/td>\n<\/tr>\n<tr style=\"height: 24px;\">\n<td style=\"height: 24px;\" align=\"center\" height=\"17\"><span class=\"Apple-style-span\">Nome do Setor<\/span><\/td>\n<td style=\"height: 24px;\" align=\"center\"><span class=\"Apple-style-span\">Telefones \u2013 Prefixo 3409<\/span><\/td>\n<td style=\"height: 24px;\" align=\"center\"><span class=\"Apple-style-span\">Email<\/span><\/td>\n<td style=\"height: 24px;\" align=\"center\"><span class=\"Apple-style-span\">Hor\u00e1rio<\/span><\/td>\n<\/tr>\n<tr style=\"height: 24px;\">\n<td style=\"height: 24px;\" colspan=\"4\" align=\"center\" valign=\"middle\" height=\"17\"><span class=\"Apple-style-span\">SETORES ADMINISTRATIVOS<\/span><\/td>\n<\/tr>\n<tr style=\"height: 24px;\">\n<td style=\"height: 24px;\" align=\"left\" height=\"17\">DIRETORIA\/SECRETARIA GERAL<\/td>\n<td style=\"height: 24px;\" align=\"right\">8604\/8710\/8691\/8606\/8644<\/td>\n<td style=\"height: 24px;\" align=\"right\"><a href=\"mailto:diretoria@direito.ufmg.br\">diretoria@direito.ufmg.br<\/a><\/td>\n<td style=\"height: 24px;\" align=\"left\"><\/td>\n<\/tr>\n<tr style=\"height: 24px;\">\n<td style=\"height: 24px;\" align=\"left\" height=\"17\">GEST\u00c3O ADMINISTRATIVA<\/td>\n<td style=\"height: 24px;\" align=\"right\">8683<\/td>\n<td style=\"height: 24px;\" align=\"right\"><a href=\"mailto:gestao@direito.ufmg.br\">gestao@direito.ufmg.br<\/a><\/td>\n<td style=\"height: 24px;\" align=\"left\"><\/td>\n<\/tr>\n<tr style=\"height: 24px;\">\n<td style=\"height: 24px;\" align=\"left\" height=\"17\">SETOR DE INFRAESTRUTURA<\/td>\n<td style=\"height: 24px;\" align=\"right\">8625<\/td>\n<td style=\"height: 24px;\" align=\"right\"><a href=\"ssgerais@direito.ufmg.br\">ssgerais@direito.ufmg.br<\/a><\/td>\n<td style=\"height: 24px;\" align=\"left\"><\/td>\n<\/tr>\n<tr style=\"height: 24px;\">\n<td style=\"height: 24px;\" align=\"left\" height=\"17\">SETOR DE MALOTE<\/td>\n<td style=\"height: 24px;\" align=\"right\">8707<\/td>\n<td style=\"height: 24px;\" align=\"right\"><a href=\"mailto:malote@direito.ufmg.br\">malote@direito.ufmg.br<\/a><\/td>\n<td style=\"height: 24px;\" align=\"left\"><\/td>\n<\/tr>\n<tr style=\"height: 24px;\">\n<td style=\"height: 24px;\" align=\"left\" height=\"17\">ASSESSORIA DE TECNOLOGIA DA INFORMA\u00c7\u00c3O<\/td>\n<td style=\"height: 24px;\" align=\"right\">8611<\/td>\n<td style=\"height: 24px;\" align=\"right\"><a href=\"mailto:ati@direito.ufmg.br\">ati@direito.ufmg.br<\/a><\/td>\n<td style=\"height: 24px;\" align=\"left\"><\/td>\n<\/tr>\n<tr style=\"height: 24px;\">\n<td style=\"height: 24px;\" align=\"left\" height=\"17\">SETOR DE AUDIOVISUAL<\/td>\n<td style=\"height: 24px;\" align=\"right\">8715<\/td>\n<td style=\"height: 24px;\" align=\"right\"><a href=\"mailto:audiovisual@direito.ufmg.br\">audiovisual@direito.ufmg.br<\/a><\/td>\n<td style=\"height: 24px;\" align=\"left\"><\/td>\n<\/tr>\n<tr style=\"height: 24px;\">\n<td style=\"height: 24px;\" align=\"left\" height=\"17\">SE\u00c7\u00c3O DE PESSOAL<\/td>\n<td style=\"height: 24px;\" align=\"right\">8618\/8704<\/td>\n<td style=\"height: 24px;\" align=\"right\"><a href=\"mailto:spessoal@direito.ufmg.br\">spessoal@direito.ufmg.br<\/a><\/td>\n<td style=\"height: 24px;\" align=\"left\"><\/td>\n<\/tr>\n<tr style=\"height: 24px;\">\n<td style=\"height: 24px;\" align=\"left\" height=\"17\">SE\u00c7\u00c3O DE COMPRAS<\/td>\n<td style=\"height: 24px;\" align=\"right\">8622\/8614\/8612<\/td>\n<td style=\"height: 24px;\" align=\"right\"><a href=\"mailto:scompras@direito.ufmg.br\">scompras@direito.ufmg.br<\/a><\/td>\n<td style=\"height: 24px;\" align=\"left\"><\/td>\n<\/tr>\n<tr style=\"height: 24px;\">\n<td style=\"height: 24px;\" align=\"left\" height=\"17\">SE\u00c7\u00c3O DE CONTABILIDADE<\/td>\n<td style=\"height: 24px;\" align=\"right\">8615\/8685<\/td>\n<td style=\"height: 24px;\" align=\"right\"><a href=\"mailto:scontab@direito.ufmg.br\">scontab@direito.ufmg.br<\/a><\/td>\n<td style=\"height: 24px;\" align=\"left\"><\/td>\n<\/tr>\n<tr style=\"height: 24px;\">\n<td style=\"height: 24px;\" align=\"left\" height=\"17\">SE\u00c7\u00c3O DE PATRIM\u00d4NIO<\/td>\n<td style=\"height: 24px;\" align=\"right\">8693<\/td>\n<td style=\"height: 24px;\" align=\"right\"><a href=\"mailto:spatri@direito.ufmg.br\">spatri@direito.ufmg.br<\/a><\/td>\n<td style=\"height: 24px;\" align=\"left\"><\/td>\n<\/tr>\n<tr style=\"height: 24px;\">\n<td style=\"height: 24px;\" align=\"left\" height=\"17\">SE\u00c7\u00c3O DE ALMOXARIFADO<\/td>\n<td style=\"height: 24px;\" align=\"right\">8613<\/td>\n<td style=\"height: 24px;\" align=\"right\"><a href=\"mailto:salmox@direito.ufmg.br\">salmox@direito.ufmg.br<\/a><\/td>\n<td style=\"height: 24px;\" align=\"left\"><\/td>\n<\/tr>\n<tr>\n<td>COMUNICA\u00c7\u00c3O<\/td>\n<td style=\"text-align: center;\"><span class=\"Apple-style-span\">-X-<\/span><\/td>\n<td style=\"text-align: right;\"><a href=\"mailto:comunica@direito.ufmg.br\">comunica@direito.ufmg.br<\/a><\/td>\n<td><\/td>\n<\/tr>\n<tr style=\"height: 24px;\">\n<td style=\"height: 24px;\" colspan=\"4\" align=\"center\" valign=\"middle\" height=\"17\"><span class=\"Apple-style-span\">SETORES ACAD\u00caMICOS<\/span><\/td>\n<\/tr>\n<tr style=\"height: 24px;\">\n<td style=\"height: 24px;\" align=\"left\" height=\"17\">SE\u00c7\u00c3O DE ENSINO<\/td>\n<td style=\"height: 24px;\" align=\"right\">8616\/8617<\/td>\n<td style=\"height: 24px;\" align=\"right\"><a href=\"mailto:sensino@direito.ufmg.br\">sensino@direito.ufmg.br<\/a><\/td>\n<td style=\"height: 24px;\" align=\"left\"><\/td>\n<\/tr>\n<tr style=\"height: 24px;\">\n<td style=\"height: 24px;\" align=\"left\" height=\"17\">COLEGIADO DE GRADUA\u00c7\u00c3O EM DIREITO<\/td>\n<td style=\"height: 24px;\" align=\"right\">8631\/8632<\/td>\n<td style=\"height: 24px;\" align=\"right\"><a href=\"mailto:colgrad@direito.ufmg.br\">colgrad@direito.ufmg.br<\/a><\/td>\n<td style=\"height: 24px;\" align=\"left\"><\/td>\n<\/tr>\n<tr style=\"height: 24px;\">\n<td style=\"height: 24px;\" align=\"left\" height=\"17\">COLEGIADO DE GRADUA\u00c7\u00c3O EM CI\u00caNCIAS DO ESTADO<\/td>\n<td style=\"height: 24px;\" align=\"right\">8705\/8653<\/td>\n<td style=\"height: 24px;\" align=\"right\"><a href=\"mailto:colgradce@direito.ufmg.br\">colgradce@direito.ufmg.br<\/a><\/td>\n<td style=\"height: 24px;\" align=\"left\"><\/td>\n<\/tr>\n<tr style=\"height: 24px;\">\n<td style=\"height: 24px;\" align=\"left\" height=\"17\">COLEGIADO DE P\u00d3S-GRADUA\u00c7\u00c3O EM DIREITO<\/td>\n<td style=\"height: 24px;\" align=\"right\">8635\/8636\/8681<\/td>\n<td style=\"height: 24px;\" align=\"right\"><a href=\"mailto:pos@direito.ufmg.br\">pos@direito.ufmg.br<\/a><\/td>\n<td style=\"height: 24px;\" align=\"left\"><\/td>\n<\/tr>\n<tr style=\"height: 24px;\">\n<td style=\"height: 24px;\" align=\"left\" height=\"17\">N\u00daCLEO INTERDISCIPLINAR DE ENSINO, PESQUISA E EXTENS\u00c3O (NIEPE)<\/td>\n<td style=\"height: 24px;\" align=\"right\">8608\/8633<\/td>\n<td style=\"height: 24px;\" align=\"right\"><a href=\"mailto:niepe@direito.ufmg.br\">niepe@direito.ufmg.br<\/a><\/td>\n<td style=\"height: 24px;\" align=\"left\"><\/td>\n<\/tr>\n<tr style=\"height: 24px;\">\n<td style=\"height: 24px;\" align=\"left\" height=\"17\">N\u00daCLEO DE PR\u00c1TICA JUR\u00cdDICA (NPJ)<\/td>\n<td style=\"height: 24px;\" align=\"right\">8642\/8643<\/td>\n<td style=\"height: 24px;\" align=\"right\"><a href=\"mailto:npj@direito.ufmg.br\">npj@direito.ufmg.br<\/a><\/td>\n<td style=\"height: 24px;\" align=\"left\"><\/td>\n<\/tr>\n<tr style=\"height: 24px;\">\n<td style=\"height: 24px;\" align=\"left\" height=\"17\">BIBLIOTECA<\/td>\n<td style=\"height: 24px;\" align=\"right\">8671\/8661\/8669\/8668<\/td>\n<td style=\"height: 24px;\" align=\"right\"><a href=\"mailto:bib@direito.ufmg.br\">bib@direito.ufmg.br<\/a><\/td>\n<td style=\"height: 24px;\" align=\"left\"><\/td>\n<\/tr>\n<tr style=\"height: 24px;\">\n<td style=\"height: 24px;\" colspan=\"4\" align=\"center\" valign=\"middle\" height=\"17\"><span class=\"Apple-style-span\">DEPARTAMENTOS<\/span><\/td>\n<\/tr>\n<tr style=\"height: 24px;\">\n<td style=\"height: 24px;\" align=\"left\" height=\"17\">RECEP\u00c7\u00c3O<\/td>\n<td style=\"height: 24px;\" align=\"right\">8652<\/td>\n<td style=\"height: 24px;\" align=\"center\"><span class=\"Apple-style-span\">-X-<\/span><\/td>\n<td style=\"height: 24px;\" align=\"left\"><\/td>\n<\/tr>\n<tr style=\"height: 24px;\">\n<td style=\"height: 24px;\" align=\"left\" height=\"17\">DEPARTAMENTO DE DIREITO E PROCESSO CIVIL E COMERCIAL (DIC)<\/td>\n<td style=\"height: 24px;\" align=\"right\">8645<\/td>\n<td style=\"height: 24px;\" align=\"right\"><a href=\"mailto:dic@direito.ufmg.br\">dic@direito.ufmg.br<\/a><\/td>\n<td style=\"height: 24px;\" align=\"left\"><\/td>\n<\/tr>\n<tr style=\"height: 24px;\">\n<td style=\"height: 24px;\" align=\"left\" height=\"17\">DEPARTAMENTO DE DIREITO E PROCESSO PENAL (DIN)<\/td>\n<td style=\"height: 24px;\" align=\"right\">8650<\/td>\n<td style=\"height: 24px;\" align=\"right\"><a href=\"mailto:din@direito.ufmg.br\">din@direito.ufmg.br<\/a><\/td>\n<td style=\"height: 24px;\" align=\"left\"><\/td>\n<\/tr>\n<tr style=\"height: 24px;\">\n<td style=\"height: 24px;\" align=\"left\" height=\"17\">DEPARTAMENTO DE DIREITO DO TRABALHO E INTRODU\u00c7\u00c3O AO ESTUDO DO DIREITO (DIT)<\/td>\n<td style=\"height: 24px;\" align=\"right\">8640<\/td>\n<td style=\"height: 24px;\" align=\"right\"><a href=\"mailto:dit@direito.ufmg.br\">dit@direito.ufmg.br<\/a><\/td>\n<td style=\"height: 24px;\" align=\"left\"><\/td>\n<\/tr>\n<tr style=\"height: 24px;\">\n<td style=\"height: 24px;\" align=\"left\" height=\"17\">DEPARTAMENTO DE DIREITO P\u00daBLICO (DIP)<\/td>\n<td style=\"height: 24px;\" align=\"right\">8660<\/td>\n<td style=\"height: 24px;\" align=\"right\"><a href=\"mailto:dip@direito.ufmg.br\">dip@direito.ufmg.br<\/a><\/td>\n<td style=\"height: 24px;\" align=\"left\"><\/td>\n<\/tr>\n<tr style=\"height: 24px;\">\n<td style=\"height: 24px;\" colspan=\"4\" align=\"center\" valign=\"middle\" height=\"17\"><span class=\"Apple-style-span\">OUTROS<\/span><\/td>\n<\/tr>\n<tr style=\"height: 24px;\">\n<td style=\"height: 24px;\" align=\"left\" height=\"17\">DIVIS\u00c3O DE ASSIST\u00caNCIA JUDICI\u00c1RIA (DAJ)<\/td>\n<td style=\"height: 24px;\" align=\"right\">8665\/8667<\/td>\n<td style=\"height: 24px;\" align=\"right\"><a href=\"mailto:daj@direito.ufmg.br\">daj@direito.ufmg.br<\/a><\/td>\n<td style=\"height: 24px;\" align=\"left\"><\/td>\n<\/tr>\n<tr style=\"height: 24px;\">\n<td style=\"height: 24px;\" align=\"left\" height=\"17\">REVISTA DA FACULDADE DE DIREITO DA UFMG<\/td>\n<td style=\"height: 24px;\" align=\"right\">8651<\/td>\n<td style=\"height: 24px;\" align=\"right\"><a href=\"mailto:revista@direito.ufmg.br\">revista@direito.ufmg.br<\/a><\/td>\n<td style=\"height: 24px;\" align=\"left\"><\/td>\n<\/tr>\n<tr style=\"height: 24px;\">\n<td style=\"height: 24px;\" align=\"left\" height=\"17\">REVISTA BRASILEIRA DE ESTUDOS POL\u00cdTICOS (RBEP)<\/td>\n<td style=\"height: 24px;\" align=\"right\">8641<\/td>\n<td style=\"height: 24px;\" align=\"right\"><a href=\"mailto:rbep@direito.ufmg.br\">rbep@direito.ufmg.br<\/a><\/td>\n<td style=\"height: 24px;\" align=\"left\"><\/td>\n<\/tr>\n<tr style=\"height: 48px;\">\n<td style=\"height: 48px;\" align=\"left\" height=\"17\">PROGRAMA UNIVERSIT\u00c1RIO DE APOIO \u00c0S RELA\u00c7\u00d5ES DE TRABALHO E \u00c0 ADMINISTRA\u00c7\u00c3O DA JUSTI\u00c7A (PRUNART)<\/td>\n<td style=\"height: 48px;\" align=\"right\">8626<\/td>\n<td style=\"height: 48px;\" align=\"right\"><\/td>\n<td style=\"height: 48px;\" align=\"left\"><\/td>\n<\/tr>\n<tr style=\"height: 24px;\">\n<td style=\"height: 24px;\" align=\"left\" height=\"17\">PROGRAMA P\u00d3LOS CIDADANIA<\/td>\n<td style=\"height: 24px;\" align=\"right\">8637\/8676<\/td>\n<td style=\"height: 24px;\" align=\"right\"><a href=\"mailto:polos@direito.ufmg.br\">polos@direito.ufmg.br<\/a><\/td>\n<td style=\"height: 24px;\" align=\"left\"><\/td>\n<\/tr>\n<tr style=\"height: 24px;\">\n<td style=\"height: 24px;\" align=\"left\" height=\"17\">RESOLU\u00c7\u00c3O DE CONFLITO E ACESSO \u00c0 JUSTI\u00c7A (RECAJ)<\/td>\n<td style=\"height: 24px;\" align=\"right\">8709<\/td>\n<td style=\"height: 24px;\" align=\"right\"><a href=\"mailto:recaj@direito.ufmg.br\">recaj@direito.ufmg.br<\/a><\/td>\n<td style=\"height: 24px;\" align=\"left\"><\/td>\n<\/tr>\n<tr style=\"height: 24px;\">\n<td style=\"height: 24px;\" align=\"left\" height=\"17\">FUNDA\u00c7\u00c3O VALLE FERREIRA<\/td>\n<td style=\"height: 24px;\" align=\"right\">8630<\/td>\n<td style=\"height: 24px;\" align=\"right\"><a href=\"mailto:fpvf.direito.ufmg@outlook.com\">fpvf.direito.ufmg@outlook.com<\/a><\/td>\n<td style=\"height: 24px;\" align=\"left\"><\/td>\n<\/tr>\n<tr style=\"height: 24px;\">\n<td style=\"height: 24px;\" align=\"left\" height=\"17\">PORTARIA AV. JO\u00c3O PINHEIRO<\/td>\n<td style=\"height: 24px;\" align=\"right\">8620<\/td>\n<td style=\"height: 24px;\" align=\"center\"><span class=\"Apple-style-span\">-X-<\/span><\/td>\n<td style=\"height: 24px;\" align=\"left\"><\/td>\n<\/tr>\n<tr style=\"height: 24px;\">\n<td style=\"height: 24px;\" colspan=\"4\" align=\"center\" valign=\"middle\" height=\"17\"><span class=\"Apple-style-span\">CENTROS ACAD\u00caMICOS E ATL\u00c9TICA<\/span><\/td>\n<\/tr>\n<tr style=\"height: 24px;\">\n<td style=\"height: 24px;\" align=\"left\" height=\"17\">CENTRO ACAD\u00caMICO AFONSO PENA (CAAP)<\/td>\n<td style=\"height: 24px;\" align=\"right\">8629<\/td>\n<td style=\"height: 24px;\" align=\"right\"><a href=\"mailto:caapufmg@gmail.com\">caapufmg@gmail.com<\/a><\/td>\n<td style=\"height: 24px;\" align=\"center\"><span class=\"Apple-style-span\">-X-<\/span><\/td>\n<\/tr>\n<tr style=\"height: 24px;\">\n<td style=\"height: 24px;\" align=\"left\" height=\"17\">CENTRO ACAD\u00caMICO CI\u00caNCIAS DO ESTADO (CACE)<\/td>\n<td style=\"height: 24px;\" align=\"right\">8702<\/td>\n<td style=\"height: 24px;\" align=\"right\"><a href=\"mailto:ufmgcace@gmail.com\">ufmgcace@gmail.com<\/a><\/td>\n<td style=\"height: 24px;\" align=\"center\"><span class=\"Apple-style-span\">-X-<\/span><\/td>\n<\/tr>\n<tr style=\"height: 24px;\">\n<td style=\"height: 24px;\" align=\"left\" height=\"17\">ASSOCIA\u00c7\u00c3O ATL\u00c9TICA ACAD\u00caMICA (AAA)<\/td>\n<td style=\"height: 24px;\" align=\"right\">8629<\/td>\n<td style=\"height: 24px;\" align=\"right\"><\/td>\n<td style=\"height: 24px;\" align=\"center\"><span class=\"Apple-style-span\">-X-<\/span><\/td>\n<\/tr>\n<\/tbody>\n<\/table>\n","protected":false},"excerpt":{"rendered":"<p>Faculdade de Direito da UFMG Endere\u00e7o: Av: Jo\u00e3o Pinheiro, N\u00ba: 100, Bairro: Centro Cidade: Belo Horizonte UF: Minas Gerais CEP: 30130-180 FACULDADE DE DIREITO DA UFMG LISTA DE CONTATOS Nome do Setor Telefones \u2013 Prefixo [&hellip;]<\/p>\n","protected":false},"author":1,"featured_media":0,"parent":0,"menu_order":0,"comment_status":"closed","ping_status":"closed","template":"","meta":{"footnotes":""},"class_list":["post-4061","page","type-page","status-publish","hentry"],"publishpress_future_action":{"enabled":false,"date":"2026-04-27 11:23:06","action":"change-status","newStatus":"draft","terms":[],"taxonomy":"","extraData":[]},"publishpress_future_workflow_manual_trigger":{"enabledWorkflows":[]},"_links":{"self":[{"href":"https:\/\/www.direito.ufmg.br\/index.php?rest_route=\/wp\/v2\/pages\/4061","targetHints":{"allow":["GET"]}}],"collection":[{"href":"https:\/\/www.direito.ufmg.br\/index.php?rest_route=\/wp\/v2\/pages"}],"about":[{"href":"https:\/\/www.direito.ufmg.br\/index.php?rest_route=\/wp\/v2\/types\/page"}],"author":[{"embeddable":true,"href":"https:\/\/www.direito.ufmg.br\/index.php?rest_route=\/wp\/v2\/users\/1"}],"replies":[{"embeddable":true,"href":"https:\/\/www.direito.ufmg.br\/index.php?rest_route=%2Fwp%2Fv2%2Fcomments&post=4061"}],"version-history":[{"count":0,"href":"https:\/\/www.direito.ufmg.br\/index.php?rest_route=\/wp\/v2\/pages\/4061\/revisions"}],"wp:attachment":[{"href":"https:\/\/www.direito.ufmg.br\/index.php?rest_route=%2Fwp%2Fv2%2Fmedia&parent=4061"}],"curies":[{"name":"wp","href":"https:\/\/api.w.org\/{rel}","templated":true}]}}