{"id":4098,"date":"2017-05-26T09:31:42","date_gmt":"2017-05-26T12:31:42","guid":{"rendered":"http:\/\/150.164.104.182:8080\/wordpress\/?page_id=4098"},"modified":"2023-10-09T20:53:42","modified_gmt":"2023-10-09T23:53:42","slug":"fundacao-valle-ferreira","status":"publish","type":"page","link":"https:\/\/www.direito.ufmg.br\/?page_id=4098","title":{"rendered":"Funda\u00e7\u00e3o Valle Ferreira"},"content":{"rendered":"<p>&nbsp;<\/p>\n<table style=\"width: 47.8114%;\">\n<tbody>\n<tr>\n<td style=\"width: 93.4035%;\"><span style=\"font-size: 18pt;\">Aux\u00edlio Financeiro &#8211; Valle Ferreira<\/span><\/td>\n<\/tr>\n<tr>\n<td style=\"width: 93.4035%;\"><a href=\".\/images\/stories\/valleferreira\/formularioauxiliofinanceiro.pdf\" target=\"_blank\" rel=\"noopener noreferrer\">Formul\u00e1rio para pedido de aux\u00edlio financeiro<\/a><\/td>\n<td style=\"width: 62.2054%;\"><img loading=\"lazy\" decoding=\"async\" class=\"alignnone wp-image-7450 size-full aligncenter\" src=\".\/wp-content\/uploads\/2019\/06\/icone-pdficon.gif\" alt=\"\" width=\"34\" height=\"34\" \/><\/td>\n<\/tr>\n<\/tbody>\n<\/table>\n<p>&nbsp;<\/p>\n<table style=\"width: 94.7365%; height: 216px;\">\n<tbody>\n<tr style=\"height: 36px;\">\n<td style=\"height: 36px; width: 95.4632%;\" colspan=\"2\"><span style=\"font-size: 18pt;\">Editais, Portarias e Resolu\u00e7\u00f5es<\/span><\/td>\n<\/tr>\n<tr style=\"height: 14px;\">\n<td style=\"height: 10px; width: 95.4632%;\"><a href=\".\/wp-content\/uploads\/2019\/05\/estatuto-fund-prof-valle-ferreira.pdf\" target=\"_blank\" rel=\"noopener noreferrer\">Estatuto da Funda\u00e7\u00e3o Professor Valle Ferreira<\/a><\/td>\n<td style=\"height: 10px; width: 74.7579%;\"><img loading=\"lazy\" decoding=\"async\" class=\"alignnone wp-image-7450 size-full aligncenter\" src=\".\/wp-content\/uploads\/2019\/06\/icone-pdficon.gif\" alt=\"\" width=\"34\" height=\"34\" \/><\/td>\n<\/tr>\n<tr style=\"height: 34px;\">\n<td style=\"height: 10px; width: 95.4632%;\"><a href=\".\/wp-content\/uploads\/2019\/05\/formprestacaocontas.pdf\" target=\"_blank\" rel=\"noopener noreferrer\">Formul\u00e1rio Presta\u00e7\u00e3o de Contas<\/a><\/td>\n<td style=\"height: 10px; width: 74.7579%;\"><img loading=\"lazy\" decoding=\"async\" class=\"alignnone wp-image-7450 size-full aligncenter\" src=\".\/wp-content\/uploads\/2019\/06\/icone-pdficon.gif\" alt=\"\" width=\"34\" height=\"34\" \/><\/td>\n<\/tr>\n<tr style=\"height: 96px;\">\n<td style=\"height: 20px; width: 95.4632%;\"><a href=\"https:\/\/www.direito.ufmg.br\/wp-content\/uploads\/2023\/09\/Resolucao-01-2013-1.pdf\">Resolucao 01-2013-1<\/a><br \/>\nCria normas objetivas para a concess\u00e3o de patroc\u00ednios, aux\u00edlios financeiros e bolsas pela Funda\u00e7\u00e3o Professor Valle Ferreira, observando a origem e a finalidade do patrim\u00f4nio que lhe foi afetado<\/td>\n<td style=\"height: 20px; width: 74.7579%;\"><img loading=\"lazy\" decoding=\"async\" class=\"alignnone wp-image-7450 size-full aligncenter\" src=\".\/wp-content\/uploads\/2019\/06\/icone-pdficon.gif\" alt=\"\" width=\"34\" height=\"34\" \/><\/td>\n<\/tr>\n<tr style=\"height: 72px;\">\n<td style=\"height: 42px; width: 95.4632%;\"><a href=\".\/wp-content\/uploads\/2019\/05\/Res022011.pdf\" target=\"_blank\" rel=\"noopener noreferrer\">Resolu\u00e7\u00e3o 02\/2011, de 17 de novembro de 2011<\/a><br \/>\nDisp\u00f5e sobre a concess\u00e3o, pela Funda\u00e7\u00e3o Professor Valle Ferreira, de bolsas de inicia\u00e7\u00e3o cient\u00edfica<\/td>\n<td style=\"height: 42px; width: 74.7579%;\"><img loading=\"lazy\" decoding=\"async\" class=\"alignnone wp-image-7450 size-full aligncenter\" src=\".\/wp-content\/uploads\/2019\/06\/icone-pdficon.gif\" alt=\"\" width=\"34\" height=\"34\" \/><\/td>\n<\/tr>\n<tr style=\"height: 120px;\">\n<td style=\"height: 74px; width: 95.4632%;\"><a href=\".\/wp-content\/uploads\/2019\/05\/Res012011.pdf\" target=\"_blank\" rel=\"noopener noreferrer\">Resolu\u00e7\u00e3o 01\/2011, de 17 de novembro de 2011<\/a><br \/>\nDisp\u00f5e sobre a concess\u00e3o, pela Funda\u00e7\u00e3o Professor Valle Ferreira, de apoio financeiro para a realiza\u00e7\u00e3o de eventos de ensino, pesquisa e extens\u00e3o na Faculdade de Direito da Universidade Federal de Minas Gerais, e a participa\u00e7\u00e3o de alunos, professores e servidores em eventos da mesma natureza<\/td>\n<td style=\"height: 74px; width: 74.7579%;\"><img loading=\"lazy\" decoding=\"async\" class=\"alignnone wp-image-7450 size-full aligncenter\" src=\".\/wp-content\/uploads\/2019\/06\/icone-pdficon.gif\" alt=\"\" width=\"34\" height=\"34\" \/><\/td>\n<\/tr>\n<tr style=\"height: 24px;\">\n<td style=\"height: 24px; width: 95.4632%;\"><a href=\".\/?p=5667\">Concurso para cria\u00e7\u00e3o do logotipo referente aos 120 anos da Faculdade de Direito da UFMG<\/a><\/td>\n<td style=\"height: 24px; width: 74.7579%;\"><\/td>\n<\/tr>\n<tr>\n<td style=\"width: 95.4632%;\"><a href=\"https:\/\/www.direito.ufmg.br\/wp-content\/uploads\/2023\/10\/Ata.-Conselho-Curador.-Fundacao-Professor-Valle-Feerreira.-Realizada-27.09.2023.-Eleicao.pdf\">Ata. Conselho Curador. Funda\u00e7\u00e3o Professor Valle Ferreira. Realizada 27.09.2023. Elei\u00e7\u00e3o<\/a><\/td>\n<td style=\"width: 74.7579%;\"><\/td>\n<\/tr>\n<\/tbody>\n<\/table>\n<p>&nbsp;<\/p>\n<p><strong>Contato: <\/strong><\/p>\n<p><strong>Telefone: 3409-8630 <\/strong><\/p>\n<p><strong>E-mail: <a href=\"mailto:fvf@direito.ufmg.br\">fvf@direito.ufmg.br<\/a><\/strong><\/p>\n","protected":false},"excerpt":{"rendered":"<p>&nbsp; Aux\u00edlio Financeiro &#8211; Valle Ferreira Formul\u00e1rio para pedido de aux\u00edlio financeiro &nbsp; Editais, Portarias e Resolu\u00e7\u00f5es Estatuto da Funda\u00e7\u00e3o Professor Valle Ferreira Formul\u00e1rio Presta\u00e7\u00e3o de Contas Resolucao 01-2013-1 Cria normas objetivas para a concess\u00e3o [&hellip;]<\/p>\n","protected":false},"author":1,"featured_media":0,"parent":0,"menu_order":0,"comment_status":"closed","ping_status":"closed","template":"","meta":{"footnotes":""},"class_list":["post-4098","page","type-page","status-publish","hentry"],"publishpress_future_action":{"enabled":false,"date":"2026-05-08 15:07:09","action":"change-status","newStatus":"draft","terms":[],"taxonomy":"","extraData":[]},"publishpress_future_workflow_manual_trigger":{"enabledWorkflows":[]},"_links":{"self":[{"href":"https:\/\/www.direito.ufmg.br\/index.php?rest_route=\/wp\/v2\/pages\/4098","targetHints":{"allow":["GET"]}}],"collection":[{"href":"https:\/\/www.direito.ufmg.br\/index.php?rest_route=\/wp\/v2\/pages"}],"about":[{"href":"https:\/\/www.direito.ufmg.br\/index.php?rest_route=\/wp\/v2\/types\/page"}],"author":[{"embeddable":true,"href":"https:\/\/www.direito.ufmg.br\/index.php?rest_route=\/wp\/v2\/users\/1"}],"replies":[{"embeddable":true,"href":"https:\/\/www.direito.ufmg.br\/index.php?rest_route=%2Fwp%2Fv2%2Fcomments&post=4098"}],"version-history":[{"count":0,"href":"https:\/\/www.direito.ufmg.br\/index.php?rest_route=\/wp\/v2\/pages\/4098\/revisions"}],"wp:attachment":[{"href":"https:\/\/www.direito.ufmg.br\/index.php?rest_route=%2Fwp%2Fv2%2Fmedia&parent=4098"}],"curies":[{"name":"wp","href":"https:\/\/api.w.org\/{rel}","templated":true}]}}

Fundação Valle Ferreira

<p>&nbsp;</p>
<table style="width: 47.8114%;">
<tbody>
<tr>
<td style="width: 93.4035%;"><span style="font-size: 18pt;">Auxílio Financeiro &#8211; Valle Ferreira</span></td>
</tr>
<tr>
<td style="width: 93.4035%;"><a href="./images/stories/valleferreira/formularioauxiliofinanceiro.pdf" target="_blank" rel="noopener noreferrer">Formulário para pedido de auxílio financeiro</a></td>
<td style="width: 62.2054%;"><img loading="lazy" decoding="async" class="alignnone wp-image-7450 size-full aligncenter" src="./wp-content/uploads/2019/06/icone-pdficon.gif" alt="" width="34" height="34" /></td>
</tr>
</tbody>
</table>
<p>&nbsp;</p>
<table style="width: 94.7365%; height: 216px;">
<tbody>
<tr style="height: 36px;">
<td style="height: 36px; width: 95.4632%;" colspan="2"><span style="font-size: 18pt;">Editais, Portarias e Resoluções</span></td>
</tr>
<tr style="height: 14px;">
<td style="height: 10px; width: 95.4632%;"><a href="./wp-content/uploads/2019/05/estatuto-fund-prof-valle-ferreira.pdf" target="_blank" rel="noopener noreferrer">Estatuto da Fundação Professor Valle Ferreira</a></td>
<td style="height: 10px; width: 74.7579%;"><img loading="lazy" decoding="async" class="alignnone wp-image-7450 size-full aligncenter" src="./wp-content/uploads/2019/06/icone-pdficon.gif" alt="" width="34" height="34" /></td>
</tr>
<tr style="height: 34px;">
<td style="height: 10px; width: 95.4632%;"><a href="./wp-content/uploads/2019/05/formprestacaocontas.pdf" target="_blank" rel="noopener noreferrer">Formulário Prestação de Contas</a></td>
<td style="height: 10px; width: 74.7579%;"><img loading="lazy" decoding="async" class="alignnone wp-image-7450 size-full aligncenter" src="./wp-content/uploads/2019/06/icone-pdficon.gif" alt="" width="34" height="34" /></td>
</tr>
<tr style="height: 96px;">
<td style="height: 20px; width: 95.4632%;"><a href="https://www.direito.ufmg.br/wp-content/uploads/2023/09/Resolucao-01-2013-1.pdf">Resolucao 01-2013-1</a><br />
Cria normas objetivas para a concessão de patrocínios, auxílios financeiros e bolsas pela Fundação Professor Valle Ferreira, observando a origem e a finalidade do patrimônio que lhe foi afetado</td>
<td style="height: 20px; width: 74.7579%;"><img loading="lazy" decoding="async" class="alignnone wp-image-7450 size-full aligncenter" src="./wp-content/uploads/2019/06/icone-pdficon.gif" alt="" width="34" height="34" /></td>
</tr>
<tr style="height: 72px;">
<td style="height: 42px; width: 95.4632%;"><a href="./wp-content/uploads/2019/05/Res022011.pdf" target="_blank" rel="noopener noreferrer">Resolução 02/2011, de 17 de novembro de 2011</a><br />
Dispõe sobre a concessão, pela Fundação Professor Valle Ferreira, de bolsas de iniciação científica</td>
<td style="height: 42px; width: 74.7579%;"><img loading="lazy" decoding="async" class="alignnone wp-image-7450 size-full aligncenter" src="./wp-content/uploads/2019/06/icone-pdficon.gif" alt="" width="34" height="34" /></td>
</tr>
<tr style="height: 120px;">
<td style="height: 74px; width: 95.4632%;"><a href="./wp-content/uploads/2019/05/Res012011.pdf" target="_blank" rel="noopener noreferrer">Resolução 01/2011, de 17 de novembro de 2011</a><br />
Dispõe sobre a concessão, pela Fundação Professor Valle Ferreira, de apoio financeiro para a realização de eventos de ensino, pesquisa e extensão na Faculdade de Direito da Universidade Federal de Minas Gerais, e a participação de alunos, professores e servidores em eventos da mesma natureza</td>
<td style="height: 74px; width: 74.7579%;"><img loading="lazy" decoding="async" class="alignnone wp-image-7450 size-full aligncenter" src="./wp-content/uploads/2019/06/icone-pdficon.gif" alt="" width="34" height="34" /></td>
</tr>
<tr style="height: 24px;">
<td style="height: 24px; width: 95.4632%;"><a href="./?p=5667">Concurso para criação do logotipo referente aos 120 anos da Faculdade de Direito da UFMG</a></td>
<td style="height: 24px; width: 74.7579%;"></td>
</tr>
<tr>
<td style="width: 95.4632%;"><a href="https://www.direito.ufmg.br/wp-content/uploads/2023/10/Ata.-Conselho-Curador.-Fundacao-Professor-Valle-Feerreira.-Realizada-27.09.2023.-Eleicao.pdf">Ata. Conselho Curador. Fundação Professor Valle Ferreira. Realizada 27.09.2023. Eleição</a></td>
<td style="width: 74.7579%;"></td>
</tr>
</tbody>
</table>
<p>&nbsp;</p>
<p><strong>Contato: </strong></p>
<p><strong>Telefone: 3409-8630 </strong></p>
<p><strong>E-mail: <a href="mailto:fvf@direito.ufmg.br">fvf@direito.ufmg.br</a></strong></p>

<p>&nbsp; Auxílio Financeiro &#8211; Valle Ferreira Formulário para pedido de auxílio financeiro &nbsp; Editais, Portarias e Resoluções Estatuto da Fundação Professor Valle Ferreira Formulário Prestação de Contas Resolucao 01-2013-1 Cria normas objetivas para a concessão [&hellip;]</p>
