{"id":7677,"date":"2019-05-27T18:58:12","date_gmt":"2019-05-27T21:58:12","guid":{"rendered":"http:\/\/150.164.104.182:8080\/wordpress\/?page_id=7677"},"modified":"2019-06-28T13:52:24","modified_gmt":"2019-06-28T16:52:24","slug":"portarias-de-2011","status":"publish","type":"page","link":"https:\/\/www.direito.ufmg.br\/?page_id=7677","title":{"rendered":"Portarias de 2011"},"content":{"rendered":"<table>\n<tbody>\n<tr style=\"background-color: #fff8dc;\">\n<td><a href=\".\/wp-content\/uploads\/2019\/05\/port2011-105.jpg\" target=\"_blank\" rel=\"noopener noreferrer\">Portaria 105\/2011 de 16 de dezembro de 2011 &#8211; Torna sem Efeito a Portaria 092 de 23 de novembro de 2011<\/a><\/td>\n<td class=\"alignnone size-full wp-image-7450\" width=\"34\" height=\"34\"><a href=\".\/wp-content\/uploads\/2019\/05\/port2011-105.jpg\" target=\"_blank\" rel=\"noopener noreferrer\"><img loading=\"lazy\" decoding=\"async\" class=\"alignnone wp-image-7989 size-full\" src=\".\/wp-content\/uploads\/2019\/05\/icone-jpgicon.gif\" alt=\"\" width=\"34\" height=\"34\" \/><\/a><\/td>\n<\/tr>\n<tr style=\"background-color: #ffffff;\">\n<td><\/td>\n<td><\/td>\n<\/tr>\n<tr style=\"background-color: #fff8dc;\">\n<td><a href=\".\/wp-content\/uploads\/2019\/05\/port2011-078.jpg\" target=\"_blank\" rel=\"noopener noreferrer\">Portaria 078\/2011 de 01 de novembro de 2011 &#8211; Designa Diretor para Revista<br \/>\nBrasileira de Estudos Pol\u00edticos &#8211; RBEP<\/a><\/td>\n<td class=\"alignnone size-full wp-image-7450\" width=\"34\" height=\"34\"><a href=\".\/wp-content\/uploads\/2019\/05\/port2011-078.jpg\" target=\"_blank\" rel=\"noopener noreferrer\"><img loading=\"lazy\" decoding=\"async\" class=\"alignnone wp-image-7989 size-full\" src=\".\/wp-content\/uploads\/2019\/05\/icone-jpgicon.gif\" alt=\"\" width=\"34\" height=\"34\" \/><\/a><\/td>\n<\/tr>\n<tr style=\"background-color: #ffffff;\">\n<td><\/td>\n<td><\/td>\n<\/tr>\n<tr style=\"background-color: #fff8dc;\">\n<td><a href=\".\/wp-content\/uploads\/2019\/05\/port2011-076.jpg\" target=\"_blank\" rel=\"noopener noreferrer\">Portaria 076\/2011 de 26 de outubro de 2011 &#8211; Designa Coordenador para o N\u00facleo Interdisciplinar<br \/>\npara a Integra\u00e7\u00e3o de Ensino, Pesquisa e Extens\u00e3o &#8211; NIEPE<\/a><\/td>\n<td style=\"width: 38px;\"><a href=\".\/wp-content\/uploads\/2019\/05\/port2011-076.jpg\" target=\"_blank\" rel=\"noopener noreferrer\"><img loading=\"lazy\" decoding=\"async\" class=\"alignnone wp-image-7989 size-full\" src=\".\/wp-content\/uploads\/2019\/05\/icone-jpgicon.gif\" alt=\"\" width=\"34\" height=\"34\" \/><\/a><\/td>\n<\/tr>\n<tr style=\"background-color: #ffffff;\">\n<td><\/td>\n<td><\/td>\n<\/tr>\n<tr style=\"background-color: #fff8dc;\">\n<td><a href=\".\/wp-content\/uploads\/2019\/05\/port2011-049_-_Fechamento_Diario_e_Notas.zip\" target=\"_blank\" rel=\"noopener noreferrer\">Portaria 049\/2011 de 22 de julho de 2011 &#8211; Disp\u00f5e Fechamento do Di\u00e1rio de Classe e Entrega das Notas<\/a><\/td>\n<td style=\"width: 38px;\"><a href=\".\/wp-content\/uploads\/2019\/05\/port2011-049_-_Fechamento_Diario_e_Notas.zip\" target=\"_blank\" rel=\"noopener noreferrer\"><img loading=\"lazy\" decoding=\"async\" class=\"alignnone wp-image-7684\" src=\".\/wp-content\/uploads\/2019\/05\/icone-raricon-1.gif\" alt=\"\" width=\"30\" height=\"30\" \/><\/a><\/td>\n<\/tr>\n<tr style=\"background-color: #ffffff;\">\n<td><\/td>\n<td><\/td>\n<\/tr>\n<tr style=\"background-color: #fff8dc;\">\n<td><a href=\".\/wp-content\/uploads\/2019\/05\/port2011-046_-_Comisso_Premio_Barao_do_Rio_Branco.pdf\" target=\"_blank\" rel=\"noopener noreferrer\">Portaria 046\/2011 &#8211; Comiss\u00e3o Premio Bar\u00e2o do Rio Branco<\/a><\/td>\n<td style=\"width: 38px;\"><a href=\".\/wp-content\/uploads\/2019\/05\/port2011-046_-_Comisso_Premio_Barao_do_Rio_Branco.pdf\" target=\"_blank\" rel=\"noopener noreferrer\"><img loading=\"lazy\" decoding=\"async\" class=\"alignnone wp-image-7450 size-full\" src=\".\/wp-content\/uploads\/2019\/05\/icone-pdficon.gif\" alt=\"\" width=\"34\" height=\"34\" \/><\/a><\/td>\n<\/tr>\n<tr style=\"background-color: #ffffff;\">\n<td><\/td>\n<td><\/td>\n<\/tr>\n<tr style=\"background-color: #fff8dc;\">\n<td><a href=\".\/wp-content\/uploads\/2019\/05\/port2011-045_-_Comissao_Progressao_Vertical_Professor_Associado.pdf\" target=\"_blank\" rel=\"noopener noreferrer\">Portaria 045\/2011 &#8211; Comiss\u00e3o Progress\u00e3o Vertical Professor Associado<\/a><\/td>\n<td style=\"width: 38px;\"><a href=\".\/wp-content\/uploads\/2019\/05\/port2011-045_-_Comissao_Progressao_Vertical_Professor_Associado.pdf\" target=\"_blank\" rel=\"noopener noreferrer\"><img loading=\"lazy\" decoding=\"async\" class=\"alignnone wp-image-7450 size-full\" src=\".\/wp-content\/uploads\/2019\/05\/icone-pdficon.gif\" alt=\"\" width=\"34\" height=\"34\" \/><\/a><\/td>\n<\/tr>\n<tr>\n<td><\/td>\n<td><\/td>\n<\/tr>\n<\/tbody>\n<\/table>\n","protected":false},"excerpt":{"rendered":"<p>Portaria 105\/2011 de 16 de dezembro de 2011 &#8211; Torna sem Efeito a Portaria 092 de 23 de novembro de 2011 Portaria 078\/2011 de 01 de novembro de 2011 &#8211; Designa Diretor para Revista Brasileira [&hellip;]<\/p>\n","protected":false},"author":1,"featured_media":0,"parent":0,"menu_order":0,"comment_status":"closed","ping_status":"closed","template":"","meta":{"footnotes":""},"class_list":["post-7677","page","type-page","status-publish","hentry"],"publishpress_future_action":{"enabled":false,"date":"2026-04-27 13:46:16","action":"change-status","newStatus":"draft","terms":[],"taxonomy":"","extraData":[]},"publishpress_future_workflow_manual_trigger":{"enabledWorkflows":[]},"_links":{"self":[{"href":"https:\/\/www.direito.ufmg.br\/index.php?rest_route=\/wp\/v2\/pages\/7677","targetHints":{"allow":["GET"]}}],"collection":[{"href":"https:\/\/www.direito.ufmg.br\/index.php?rest_route=\/wp\/v2\/pages"}],"about":[{"href":"https:\/\/www.direito.ufmg.br\/index.php?rest_route=\/wp\/v2\/types\/page"}],"author":[{"embeddable":true,"href":"https:\/\/www.direito.ufmg.br\/index.php?rest_route=\/wp\/v2\/users\/1"}],"replies":[{"embeddable":true,"href":"https:\/\/www.direito.ufmg.br\/index.php?rest_route=%2Fwp%2Fv2%2Fcomments&post=7677"}],"version-history":[{"count":0,"href":"https:\/\/www.direito.ufmg.br\/index.php?rest_route=\/wp\/v2\/pages\/7677\/revisions"}],"wp:attachment":[{"href":"https:\/\/www.direito.ufmg.br\/index.php?rest_route=%2Fwp%2Fv2%2Fmedia&parent=7677"}],"curies":[{"name":"wp","href":"https:\/\/api.w.org\/{rel}","templated":true}]}}