{"id":8049,"date":"2019-05-31T21:36:47","date_gmt":"2019-06-01T00:36:47","guid":{"rendered":"http:\/\/150.164.104.182:8080\/wordpress\/?page_id=8049"},"modified":"2019-06-28T13:54:49","modified_gmt":"2019-06-28T16:54:49","slug":"portarias-de-2017","status":"publish","type":"page","link":"https:\/\/www.direito.ufmg.br\/?page_id=8049","title":{"rendered":"Portarias de 2017"},"content":{"rendered":"<table>\n<tbody>\n<tr style=\"background-color: #fff8dc;\">\n<td><a href=\".\/wp-content\/uploads\/2019\/05\/port2017-071.pdf\" target=\"_blank\" rel=\"noopener noreferrer\">Portaria 071 de 19 de Dezembro de 2017 &#8211; Hor\u00e1rio de F\u00e9rias<\/a><\/td>\n<td><a href=\".\/wp-content\/uploads\/2019\/05\/port2017-071.pdf\" target=\"_blank\" rel=\"noopener noreferrer\"><img loading=\"lazy\" decoding=\"async\" class=\"alignnone wp-image-7683 size-full\" src=\".\/wp-content\/uploads\/2019\/05\/icone-pdficon.gif\" alt=\"\" width=\"34\" height=\"34\" \/><\/a><\/td>\n<\/tr>\n<tr style=\"background-color: #ffffff;\">\n<td><\/td>\n<td><\/td>\n<\/tr>\n<tr style=\"background-color: #fff8dc;\">\n<td><a href=\".\/wp-content\/uploads\/2019\/05\/port2017-028.pdf\" target=\"_blank\" rel=\"noopener noreferrer\">Portaria 028 de 7 de Julho de 2017 &#8211; Hor\u00e1rio de F\u00e9rias<\/a><\/td>\n<td><a href=\".\/wp-content\/uploads\/2019\/05\/port2017-028.pdf\" target=\"_blank\" rel=\"noopener noreferrer\"><img loading=\"lazy\" decoding=\"async\" class=\"alignnone wp-image-7683 size-full\" src=\".\/wp-content\/uploads\/2019\/05\/icone-pdficon.gif\" alt=\"\" width=\"34\" height=\"34\" \/><\/a><\/td>\n<\/tr>\n<tr style=\"background-color: #ffffff;\">\n<td><\/td>\n<td><\/td>\n<\/tr>\n<tr style=\"background-color: #fff8dc;\">\n<td><a href=\".\/wp-content\/uploads\/2019\/05\/port2017-012.pdf\" target=\"_blank\" rel=\"noopener noreferrer\">Portaria 012 de 7 de Abril de 2017 &#8211; Comiss\u00e3o Examinadora do Concurso P\u00fablico de<br \/>\nProvas e T\u00edtulos para Professor Adjunto DIT<\/a><\/td>\n<td><a href=\".\/wp-content\/uploads\/2019\/05\/port2017-012.pdf\" target=\"_blank\" rel=\"noopener noreferrer\"><img loading=\"lazy\" decoding=\"async\" class=\"alignnone wp-image-7683 size-full\" src=\".\/wp-content\/uploads\/2019\/05\/icone-pdficon.gif\" alt=\"\" width=\"34\" height=\"34\" \/><\/a><\/td>\n<\/tr>\n<tr style=\"background-color: #ffffff;\">\n<td><\/td>\n<td><\/td>\n<\/tr>\n<tr style=\"background-color: #fff8dc;\">\n<td><a href=\".\/wp-content\/uploads\/2019\/05\/port2017-009.pdf\" target=\"_blank\" rel=\"noopener noreferrer\">Portaria 009 de 20 de Mar\u00e7o de 2017 &#8211; Nomea\u00e7\u00e3o dos membros da Comiss\u00e3o Avaliadora<br \/>\npara a Classe de Professor Titular<\/a><\/td>\n<td><a href=\".\/wp-content\/uploads\/2019\/05\/port2017-009.pdf\" target=\"_blank\" rel=\"noopener noreferrer\"><img loading=\"lazy\" decoding=\"async\" class=\"alignnone wp-image-7683 size-full\" src=\".\/wp-content\/uploads\/2019\/05\/icone-pdficon.gif\" alt=\"\" width=\"34\" height=\"34\" \/><\/a><\/td>\n<\/tr>\n<tr style=\"background-color: #ffffff;\">\n<td><\/td>\n<td><\/td>\n<\/tr>\n<tr style=\"background-color: #fff8dc;\">\n<td><a href=\".\/wp-content\/uploads\/2019\/05\/port2017-007.pdf\" target=\"_blank\" rel=\"noopener noreferrer\">Portaria 007 de 13 de Mar\u00e7o de 2017 &#8211; Comiss\u00e3o Examinadora do Concurso P\u00fablico de<br \/>\nProvas e T\u00edtulos para Professor Adjunto DIT<\/a><\/td>\n<td><a href=\".\/wp-content\/uploads\/2019\/05\/port2017-007.pdf\" target=\"_blank\" rel=\"noopener noreferrer\"><img loading=\"lazy\" decoding=\"async\" class=\"alignnone wp-image-7683 size-full\" src=\".\/wp-content\/uploads\/2019\/05\/icone-pdficon.gif\" alt=\"\" width=\"34\" height=\"34\" \/><\/a><\/td>\n<\/tr>\n<\/tbody>\n<\/table>\n","protected":false},"excerpt":{"rendered":"<p>Portaria 071 de 19 de Dezembro de 2017 &#8211; Hor\u00e1rio de F\u00e9rias Portaria 028 de 7 de Julho de 2017 &#8211; Hor\u00e1rio de F\u00e9rias Portaria 012 de 7 de Abril de 2017 &#8211; Comiss\u00e3o Examinadora [&hellip;]<\/p>\n","protected":false},"author":1,"featured_media":0,"parent":0,"menu_order":0,"comment_status":"closed","ping_status":"closed","template":"","meta":{"footnotes":""},"class_list":["post-8049","page","type-page","status-publish","hentry"],"publishpress_future_action":{"enabled":false,"date":"2026-04-28 14:10:15","action":"change-status","newStatus":"draft","terms":[],"taxonomy":"","extraData":[]},"publishpress_future_workflow_manual_trigger":{"enabledWorkflows":[]},"_links":{"self":[{"href":"https:\/\/www.direito.ufmg.br\/index.php?rest_route=\/wp\/v2\/pages\/8049","targetHints":{"allow":["GET"]}}],"collection":[{"href":"https:\/\/www.direito.ufmg.br\/index.php?rest_route=\/wp\/v2\/pages"}],"about":[{"href":"https:\/\/www.direito.ufmg.br\/index.php?rest_route=\/wp\/v2\/types\/page"}],"author":[{"embeddable":true,"href":"https:\/\/www.direito.ufmg.br\/index.php?rest_route=\/wp\/v2\/users\/1"}],"replies":[{"embeddable":true,"href":"https:\/\/www.direito.ufmg.br\/index.php?rest_route=%2Fwp%2Fv2%2Fcomments&post=8049"}],"version-history":[{"count":0,"href":"https:\/\/www.direito.ufmg.br\/index.php?rest_route=\/wp\/v2\/pages\/8049\/revisions"}],"wp:attachment":[{"href":"https:\/\/www.direito.ufmg.br\/index.php?rest_route=%2Fwp%2Fv2%2Fmedia&parent=8049"}],"curies":[{"name":"wp","href":"https:\/\/api.w.org\/{rel}","templated":true}]}}