{"id":9034,"date":"2019-06-28T15:02:23","date_gmt":"2019-06-28T18:02:23","guid":{"rendered":"https:\/\/www.direito.ufmg.br\/?page_id=9034"},"modified":"2019-08-21T19:16:18","modified_gmt":"2019-08-21T22:16:18","slug":"dic-normas-da-graduacao","status":"publish","type":"page","link":"https:\/\/www.direito.ufmg.br\/?page_id=9034","title":{"rendered":"DIC &#8211; Normas da Gradua\u00e7\u00e3o"},"content":{"rendered":"<p><a href=\".\/images\/stories\/deptos\/dic\/normasgraduacao\/NormasGeraisGraduacaoUFMG.pdf\" target=\"_blank\" rel=\"noopener noreferrer\">Normas Gerais da Gradua\u00e7\u00e3o da UFMG <img loading=\"lazy\" decoding=\"async\" src=\".\/images\/stories\/pdficon.gif\" alt=\"pdficon\" width=\"16\" height=\"16\" \/><\/a><\/p>\n<p><a href=\"https:\/\/www.direito.ufmg.br\/wp-content\/uploads\/2019\/08\/Resolu\u00e7\u00e3o-01-2019-DIC-Normas-da-Gradua\u00e7\u00e3o-08-ago-2019.pdf\">Resolu\u00e7\u00e3o 01\/2019 &#8211; Aprova a Regulamenta\u00e7\u00e3o das Normas Gerais de Gradua\u00e7\u00e3o no \u00e2mbito do Departamento de Direito e Processo Civil e Comercial<\/a><a href=\".\/images\/stories\/deptos\/dic\/normasgraduacao\/NormasGeraisGraduacaoUFMG.pdf\" target=\"_blank\" rel=\"noopener noreferrer\"><img loading=\"lazy\" decoding=\"async\" src=\".\/images\/stories\/pdficon.gif\" alt=\"pdficon\" width=\"16\" height=\"16\" \/><\/a><\/p>\n<p><del><a href=\".\/images\/stories\/deptos\/dic\/normasgraduacao\/ResolucaoDIC012018.pdf\" target=\"_blank\" rel=\"noopener noreferrer\">Resolu\u00e7\u00e3o 01\/2018 &#8211; Aprova a Regulamenta\u00e7\u00e3o das Normas Gerais de Gradua\u00e7\u00e3o no \u00e2mbito do Departamento de Direito e Processo Civil e Comercial &#8211; REVOGADA<img loading=\"lazy\" decoding=\"async\" src=\".\/images\/stories\/pdficon.gif\" alt=\"pdficon\" width=\"16\" height=\"16\" \/><\/a><\/del><\/p>\n","protected":false},"excerpt":{"rendered":"<p>Normas Gerais da Gradua\u00e7\u00e3o da UFMG Resolu\u00e7\u00e3o 01\/2019 &#8211; Aprova a Regulamenta\u00e7\u00e3o das Normas Gerais de Gradua\u00e7\u00e3o no \u00e2mbito do Departamento de Direito e Processo Civil e Comercial Resolu\u00e7\u00e3o 01\/2018 &#8211; Aprova a Regulamenta\u00e7\u00e3o das [&hellip;]<\/p>\n","protected":false},"author":1,"featured_media":0,"parent":0,"menu_order":0,"comment_status":"closed","ping_status":"closed","template":"","meta":{"footnotes":""},"class_list":["post-9034","page","type-page","status-publish","hentry"],"publishpress_future_action":{"enabled":false,"date":"2026-04-27 09:39:49","action":"change-status","newStatus":"draft","terms":[],"taxonomy":"","extraData":[]},"publishpress_future_workflow_manual_trigger":{"enabledWorkflows":[]},"_links":{"self":[{"href":"https:\/\/www.direito.ufmg.br\/index.php?rest_route=\/wp\/v2\/pages\/9034","targetHints":{"allow":["GET"]}}],"collection":[{"href":"https:\/\/www.direito.ufmg.br\/index.php?rest_route=\/wp\/v2\/pages"}],"about":[{"href":"https:\/\/www.direito.ufmg.br\/index.php?rest_route=\/wp\/v2\/types\/page"}],"author":[{"embeddable":true,"href":"https:\/\/www.direito.ufmg.br\/index.php?rest_route=\/wp\/v2\/users\/1"}],"replies":[{"embeddable":true,"href":"https:\/\/www.direito.ufmg.br\/index.php?rest_route=%2Fwp%2Fv2%2Fcomments&post=9034"}],"version-history":[{"count":0,"href":"https:\/\/www.direito.ufmg.br\/index.php?rest_route=\/wp\/v2\/pages\/9034\/revisions"}],"wp:attachment":[{"href":"https:\/\/www.direito.ufmg.br\/index.php?rest_route=%2Fwp%2Fv2%2Fmedia&parent=9034"}],"curies":[{"name":"wp","href":"https:\/\/api.w.org\/{rel}","templated":true}]}}